{"id":145,"date":"2025-03-26T13:26:11","date_gmt":"2025-03-26T12:26:11","guid":{"rendered":"https:\/\/www.rechtsanwaeltin-annekaemmerer.de\/?page_id=145"},"modified":"2025-10-22T19:01:04","modified_gmt":"2025-10-22T17:01:04","slug":"impressum","status":"publish","type":"page","link":"https:\/\/www.rechtsanwaeltin-annekaemmerer.de\/index.php\/impressum\/","title":{"rendered":"Impressum"},"content":{"rendered":"\t\t<div data-elementor-type=\"wp-page\" data-elementor-id=\"145\" class=\"elementor elementor-145\" data-elementor-post-type=\"page\">\n\t\t\t\t<div class=\"elementor-element elementor-element-40e78fb3 e-flex e-con-boxed e-con e-parent\" data-id=\"40e78fb3\" data-element_type=\"container\" data-e-type=\"container\" data-settings=\"{&quot;background_background&quot;:&quot;gradient&quot;}\">\n\t\t\t\t\t<div class=\"e-con-inner\">\n\t\t<div class=\"elementor-element elementor-element-24c7faf5 e-con-full e-flex e-con e-child\" data-id=\"24c7faf5\" data-element_type=\"container\" data-e-type=\"container\">\n\t\t\t\t<div class=\"elementor-element elementor-element-71287ddb elementor-widget elementor-widget-icon-box\" data-id=\"71287ddb\" data-element_type=\"widget\" data-e-type=\"widget\" data-widget_type=\"icon-box.default\">\n\t\t\t\t<div class=\"elementor-widget-container\">\n\t\t\t\t\t\t\t<div class=\"elementor-icon-box-wrapper\">\n\n\t\t\t\n\t\t\t\t\t\t<div class=\"elementor-icon-box-content\">\n\n\t\t\t\t\n\t\t\t\t\t\t\t\t\t<p class=\"elementor-icon-box-description\">\n\t\t\t\t\t\tImpressum\t\t\t\t\t<\/p>\n\t\t\t\t\n\t\t\t<\/div>\n\t\t\t\n\t\t<\/div>\n\t\t\t\t\t\t<\/div>\n\t\t\t\t<\/div>\n\t\t\t\t<\/div>\n\t\t\t\t<div class=\"elementor-element elementor-element-43d0bcb5 elementor-widget elementor-widget-text-editor\" data-id=\"43d0bcb5\" data-element_type=\"widget\" data-e-type=\"widget\" data-widget_type=\"text-editor.default\">\n\t\t\t\t<div class=\"elementor-widget-container\">\n\t\t\t\t\t\t\t\t\t<p>Verantwortlich im Sinne von \u00a7 5 TMG und DL-InfoV:<br \/>Rechtsanw\u00e4ltin Anne K\u00e4mmerer<\/p><p>Lumumbastra\u00dfe 9, 04105 Leipzig<br \/>Mail: <span style=\"color: #467886;\"><u><a href=\"mailto:rain@anne-kaemmerer.de\" target=\"_top\">rain@anne-kaemmerer.de<\/a><br \/><\/u><\/span>Telefon: 0341 5933951<\/p><p><u>Berufsbezeichnung und berufsrechtliche Regelungen<\/u><\/p><p>Berufsbezeichnung: Rechtsanw\u00e4ltin<br \/>Zust\u00e4ndige Kammer: Rechtsanwaltskammer Sachsen, <br \/>Glacisstra\u00dfe 6, 01099 Dresden<\/p><p>Verliehen in: Dresden, Sachsen<\/p><p><u>Es gelten folgende berufsrechtliche Regelungen<br \/><\/u>F\u00fcr meine anwaltliche T\u00e4tigkeit gelten die Bundesrechtsanwaltsordnung (BRAO), die Berufsordnung (BORA) und die Bundesrechtsanwaltsgeb\u00fchrenordnung (BRAGO). Diese Vorschriften k\u00f6nnen Sie auf der Website der Bundesrechtsanwaltskammer unter der Internet-Adresse <span style=\"color: #467886;\"><u><a href=\"http:\/\/www.brak.de\/\" target=\"_top\" rel=\"noopener\">http:\/\/www.brak.de<\/a><\/u><\/span> abrufen.<\/p><p><u>Angaben zur Berufshaftpflichtversicherung<br \/><\/u>Landwirtschaftlicher Versicherungsverein M\u00fcnster a.G.<br \/>Kolde-Ring 21, 48126 M\u00fcnster<\/p><p>Redaktionell verantwortlich<br \/>Anne K\u00e4mmerer<\/p><p><u>Bankverbindung<br \/><\/u><span style=\"color: #000000;\">Commerzbank AG<br \/><\/span><span style=\"color: #000000;\">IBAN: DE50 8604 0000 0591 7299 00<br \/><\/span><span style=\"color: #000000;\">BIC: COBADEFFXXX<\/span><\/p><p><span style=\"color: #000000;\"><u>Umsatzsteuer Identifikations-Nr: <br \/><\/u><\/span><span style=\"color: #000000;\">DE452871155 <\/span><\/p>\t\t\t\t\t\t\t\t<\/div>\n\t\t\t\t<\/div>\n\t\t\t\t\t<\/div>\n\t\t\t\t<\/div>\n\t\t\t\t<\/div>\n\t\t","protected":false},"excerpt":{"rendered":"<p>Impressum Verantwortlich im Sinne von \u00a7 5 TMG und DL-InfoV:Rechtsanw\u00e4ltin Anne K\u00e4mmerer Lumumbastra\u00dfe 9, 04105 LeipzigMail: rain@anne-kaemmerer.deTelefon: 0341 5933951 Berufsbezeichnung und berufsrechtliche Regelungen Berufsbezeichnung: Rechtsanw\u00e4ltinZust\u00e4ndige Kammer: Rechtsanwaltskammer Sachsen, Glacisstra\u00dfe 6, 01099 Dresden Verliehen in: Dresden, Sachsen Es gelten folgende berufsrechtliche RegelungenF\u00fcr meine anwaltliche T\u00e4tigkeit gelten die Bundesrechtsanwaltsordnung (BRAO), die Berufsordnung (BORA) und die Bundesrechtsanwaltsgeb\u00fchrenordnung (BRAGO). [&hellip;]<\/p>\n","protected":false},"author":1,"featured_media":0,"parent":0,"menu_order":0,"comment_status":"closed","ping_status":"closed","template":"","meta":{"footnotes":""},"class_list":["post-145","page","type-page","status-publish","hentry"],"_links":{"self":[{"href":"https:\/\/www.rechtsanwaeltin-annekaemmerer.de\/index.php\/wp-json\/wp\/v2\/pages\/145","targetHints":{"allow":["GET"]}}],"collection":[{"href":"https:\/\/www.rechtsanwaeltin-annekaemmerer.de\/index.php\/wp-json\/wp\/v2\/pages"}],"about":[{"href":"https:\/\/www.rechtsanwaeltin-annekaemmerer.de\/index.php\/wp-json\/wp\/v2\/types\/page"}],"author":[{"embeddable":true,"href":"https:\/\/www.rechtsanwaeltin-annekaemmerer.de\/index.php\/wp-json\/wp\/v2\/users\/1"}],"replies":[{"embeddable":true,"href":"https:\/\/www.rechtsanwaeltin-annekaemmerer.de\/index.php\/wp-json\/wp\/v2\/comments?post=145"}],"version-history":[{"count":7,"href":"https:\/\/www.rechtsanwaeltin-annekaemmerer.de\/index.php\/wp-json\/wp\/v2\/pages\/145\/revisions"}],"predecessor-version":[{"id":166,"href":"https:\/\/www.rechtsanwaeltin-annekaemmerer.de\/index.php\/wp-json\/wp\/v2\/pages\/145\/revisions\/166"}],"wp:attachment":[{"href":"https:\/\/www.rechtsanwaeltin-annekaemmerer.de\/index.php\/wp-json\/wp\/v2\/media?parent=145"}],"curies":[{"name":"wp","href":"https:\/\/api.w.org\/{rel}","templated":true}]}}